et t(x) = -4*p(x) - 9*s(x). What is t(d)?
-6
Let k(l) = -4. Let x(n) = n - 4. Let v(t) = 3*k(t) - 4*x(t). Suppose -2*b + 8 = 2. Calculate v(b).
-8
Let o(n) = -n**2 - n - 3. Suppose -j + 5*j - 28 = 0. Let d = j + -7. Calculate o(d).
-3
Let z(h) be the second derivative of h**4/6 - 5*h**3/6 + h**2 - 77*h. Suppose 5*n + 4 = -3*u, 4*n = -3*u - 0*u - 2. Suppose -3 = -u*b + 3. Determine z(b).
5
Let o(k) be the first derivative of k**4/4 + 4*k**3/3 - 3*k**2/2 + k - 21. Give o(-5).
-9
Let g(f) = 0*f**2 - f**2 + 11 + 8*f - 15. Determine g(5).
11
Let f(z) = 7*z**2 - 6*z**2 + 6*z - 7 + 0*z**2. Determine f(-7).
0
Let h(q) = -5*q**2 - 5*q**2 + 5*q**2 - q + 3*q**3 - 4*q**3 + 1. What is h(-5)?
6
Let c(l) = -l + 4. Let u be c(-6). Let g = 16 - u. Let t(j) = 7*j**2 - 5*j + 3. Let h(f) = -13*f**2 + 10*f - 6. Let x(a) = g*h(a) + 11*t(a). Calculate x(5).
-3
Let d be 4/(8/5)*2. Suppose d*v = 3*k + 10, -5*k = -5*v + 6 + 4. Let q(h) = h - v*h - 1 + 0. What is q(0)?
-1
Let c(s) = -5*s**2 + 2 + 2*s + s + 4*s**2 + 0*s**2. Calculate c(5).
-8
Let z = -4 - -4. Suppose z*o = o. Suppose -2*l - 4 + 2 = o. Let t(r) = 2*r - 1. Calculate t(l).
-3
Suppose -2*a = 0, 0 = 4*x + x + 2*a - 5. Let k(y) = -8*y. What is k(x)?
-8
Let t(i) = 2 + 0*i + 2*i - 3. Let j be (-4 + 1)/(5 - (-92)/(-16)). What is t(j)?
7
Let f(x) = 2*x**2 + 4*x + 3. Let z(t) = -1 - t + 4*t - 4*t. Let d(s) = -f(s) - 2*z(s). Suppose 0 = -y - 3*y + 2*o - 10, -4*o = -4*y - 12. Calculate d(y).
-5
Suppose 2*z - 2 = z. Let b(w) be the second derivative of -2*w**3/3 + w**2/2 - w. Determine b(z).
-7
Let b(o) = -8*o**3 + 11*o**2 - 8*o. Let h(g) = 7*g**3 - 10*g**2 + 7*g. Let p(z) = -6*b(z) - 7*h(z). Let t = 7 - 5. Suppose 6 - 2 = t*l. What is p(l)?
6
Let q(p) = -p - 1. Let t be -33 - (0 - 0) - 2. Let l(u) = 28*u + 35. Let m(i) = t*q(i) - l(i). Determine m(-1).
-7
Suppose -4*v + 5 + 7 = -4*n, 0 = 4*v + 4*n - 20. Let i(f) = f**2 - f + 5. What is i(v)?
17
Suppose -7 = 2*b + 3. Let x = b + 10. Let f(c) = c**2 - c. Let v(j) = j**2 + 2*j - 4. Let h(i) = 2*f(i) - v(i). Determine h(x).
9
Suppose 5 = -4*d - k - 5, -5*k - 18 = 4*d. Let i be 4/(-14) - d/7. Let u(s) = -s**3 - 2. What is u(i)?
-2
Suppose -2*r + 4*r = 6. Let m be 10/r - (-8)/12. Suppose 0*x + x = 5*f - 15, -2*f - m*x = -28. Let y(w) = w - 9. Determine y(f).
-5
Suppose 2*r - a + 10 = -3*a, 0 = 5*a. Let m(u) = u + 7. Determine m(r).
2
Let w(y) = 2*y + 2. Let b(p) = p + 1. Let c(t) = -3*b(t) + w(t). What is c(-2)?
1
Suppose 3*i = 6*i - h - 4, -5*i + 5*h = 10. Let z(n) be the second derivative of 0 - 1/6*n**3 + i*n + 1/2*n**2 - 1/12*n**4. Determine z(-3).
-5
Suppose -8 = g - 3*g. Let y(r) = -4. Suppose 11 - 5 = 2*q. Let o(x) = x + 3. Let a(d) = q*y(d) + 2*o(d). Determine a(g).
2
Suppose 0 = 2*k, -r + 4 - 2 = 5*k. Suppose -r*s = s. Let q(p) = -p**2 + p - 4. Give q(s).
-4
Let j(x) = -x + 1. Let p(n) = 3*n - 4. Let l(f) = -2*j(f) - p(f). What is l(-5)?
7
Let a(g) = g**3 + 4*g**2 + 3*g + 12. Let p be a(-4). Let j(q) = q**3 + q**2 + q + 7. Give j(p).
7
Let p(d) = d**2 - 3*d + 2. Let r(b) = b**2 - 2*b + 1. Let j(i) = 6*p(i) - 7*r(i). Determine j(-6).
-7
Let z(b) = -3*b - 5*b**2 - 7*b**2 + 5*b**2 + 2*b. Calculate z(-1).
-6
Let g(m) = -1 + 3*m + 1 - 2. Let f(j) = j - 2 + 3 - 5. Let x be f(6). Calculate g(x).
4
Let i(l) = l. Let r(f) = -1. Let c(s) = -i(s) - 2*r(s). Give c(-2).
4
Suppose 4*u - 2*u = 0. Let w = 18 + u. Let p be (-6)/(-27) + (-22)/w. Let n(z) = 6*z. Determine n(p).
-6
Let r(w) = w**3 + w**2 + w + 1. Let b(d) = -d - 1. Let u be b(0). Let g = u + -2. Let t = g + 3. Calculate r(t).
1
Let s(y) = -5*y**2 + 2*y**3 - 183*y + 180*y - 8 - y**3. What is s(6)?
10
Let u(s) = s**2 - 18*s + 2. Let c be u(18). Let o(x) be the third derivative of 0*x**3 + 0*x**4 - 4*x**c + 0 - 1/15*x**5 + 0*x. Calculate o(1).
-4
Let z(v) = -v**2 + 3*v. Let d be 6/(-15) - 132/(-30). Calculate z(d).
-4
Let j(c) = 2*c - 202*c**2 + 409*c**2 - 208*c**2. Suppose -3*y + 8 = -y. Calculate j(y).
-8
Let j(b) = 3*b - 6 - b**2 + b + 3. Suppose 2*p = -10, p + 2 = 2*n + 1. Let a = 1 - n. Give j(a).
0
Let p(n) = 0 - 1 - 38*n + 31*n. Calculate p(1).
-8
Let b(j) = j**3 - 2*j**2 + j - 2. Let s = 2 + 2. Suppose -p = -s*p + 6. Calculate b(p).
0
Let x = -4 - -2. Let g(y) = -y**2 - 3*y - 4. Let b(p) = -p**2 - 4*p - 6. Let n(k) = 5*b(k) - 8*g(k). What is n(x)?
6
Let b(n) = 2*n**2 - n**2 - 4 - 17*n + 16*n. Determine b(3).
2
Let y(g) = -4*g + 3*g + 4*g - 4. Let f(v) be the second derivative of v**3/3 - 9*v**2/2 + 2*v. Let w be f(6). Determine y(w).
5
Let q(x) = -2*x**3 - 2*x**2 + 3*x + 2. Let n be q(-2). Suppose -24 = -3*t + t + 3*a, -4*t + 40 = -4*a. Let j(d) = 12*d - d - 5*d**2 - t*d + d**3. Give j(n).
4
Let h(t) be the third derivative of -t**4/4 + 2*t**2. Let m be (1/2)/((-3)/6). Determine h(m).
6
Let q(x) = 9 + 2*x - 2*x + x**2. Suppose -15 = 3*a, 2*k - a - 5 = 6. Let n be 1 - 2*k/6. Determine q(n).
9
Let f = 5 + -11. Let b(a) = -a**2 - 5*a + 5. What is b(f)?
-1
Let s = -5 - -8. Let c = s + -1. Suppose 5*r + 6 = c*r. Let a(w) = -w**3 - w - 2. Calculate a(r).
8
Let g(w) = 7*w**2 - 3*w - 4. Let p(u) = 13*u**2 - 6*u - 7. Let q be (-5 + 6)/(1/(-11)). Let a(d) = q*g(d) + 6*p(d). Determine a(4).
6
Let l = -89 - -83. Let h(u) = -u**3 - 5*u**2 + 6*u. Determine h(l).
0
Let j(w) be the first derivative of -w**5/30 - w**4/6 + 2*w**3/3 - 2. Let r(i) be the third derivative of j(i). Calculate r(-3).
8
Let w(m) = -m**3 - 7*m**2 - 4*m - 1. Let s(v) = -2*v**3 - 14*v**2 - 7*v - 2. Let q(u) = -2*s(u) + 5*w(u). Calculate q(-6).
-1
Let t(w) be the first derivative of -w**3/3 + 3*w**2 - 4*w + 3. Give t(3).
5
Let i(s) = 2*s. Let j(r) = -3*r - 3. Let q(m) = -i(m) - j(m). Calculate q(4).
7
Let n be 4 + 3/((-6)/(-2)). Let h(z) = 2*z**2 + n + 3*z**2 - 2 - 7*z - 4*z**2. Let s be h(6). Let v(t) = -t**2 - t + 2. Calculate v(s).
-4
Let d(r) = r - 8. Let k(o) = o. Let j be k(6). Let f be d(j). Let m be (1/f)/(1/2). Let a(w) = 5*w**2 - 2*w - 1. Determine a(m).
6
Let k(t) = -4*t**3 - 3*t**2 - t + 1. Let a(v) = 9*v**3 + 6*v**2 + 3*v - 2. Let w(n) = 3*a(n) + 7*k(n). What is w(-3)?
-5
Let w(r) be the second derivative of r**4/12 - 2*r**3/3 - 2*r**2 - r. Let p = -11 + 26. Suppose -c + p = 2*c. Give w(c).
1
Let x(j) = j - 6. Let s be (-1 + 1)*(-3)/6. Suppose s = -5*l + 9 + 11. Calculate x(l).
-2
Suppose -7*a = -6*a - 4. Let b(i) = 4*i - i + a*i. What is b(-1)?
-7
Let l(q) be the first derivative of -q**6/360 - q**5/40 + 5*q**4/24 - 8*q**3/3 - 9. Let t(a) be the third derivative of l(a). Calculate t(-4).
1
Let t be ((-3)/5)/(1/5). Let d = 8 + t. Let q(n) = -n + 1. What is q(d)?
-4
Let s(i) = -2*i + 6. Suppose -x + 3*x = 16. Let y = -3 + 5. Suppose 4*p = 2*a + x, -4*a - y*p + 19 = -3*p. What is s(a)?
-6
Let y(k) be the third derivative of 0 - 1/8*k**4 + 1/120*k**6 - 1/15*k**5 - 1/6*k**3 + 0*k - 2*k**2. Calculate y(5).
9
Let d(t) = -5*t**2 - t + 1. Let w = 13 + -8. Let s(z) = 3*z + 1 - z**2 + 5*z - 3*z. Let g be s(w). What is d(g)?
-5
Suppose 0 = q + 1 - 6. Suppose q = w + 7*d - 4*d, -w - 5*d + 9 = 0. Let h(k) = -9*k**2 - k. Calculate h(w).
-8
Let s(q) = 2*q + 7. Suppose -5*a - 53 - 6 = 2*d, -3*d - 60 = -2*a. Let o = -16 - d. Suppose m + o = 1. Give s(m).
-3
Let f(l) = 30*l - 65*l + 35*l + l**2 + 1. Let j(v) = v**2 + 5*v + 3. Let u be j(-4). Let i be (-3 - (-1 - 0))*u. Determine f(i).
5
Let a(p) = p - 2. Let l be a(-7). Let s(d) = -d**3 - 9*d**2 - d - 8. Let k be s(l). Let m be k - (0 - 1) - 5. Let w(g) = g**2 + 2*g - 3. Determine w(m).
0
Let k(r) = -5*r**3 - 3*r**2 - 5*r - 1. Let u(n) = 4*n**3 + 3*n**2 + 5*n + 1. Let c be ((-1)/((-2)/10))/(-1). Let o(y) = c*k(y) - 6*u(y). Calculate o(4).
-5
Let d = 3 + 3. Suppose -d*c + 4*c = 10. Let r(g) = -g**2 - 6*g + 3. Determine r(c).
8
Let o(i) = -3*i + 2 - 21*i**2 - 24*i**2 + 44*i**2. Calculate o(-4).
-2
Suppose 16*v = 15*v - 3. Let d(s) = 2*s**2 + 3*s - 2. Give d(v).
7
Let a(i) = -2*i + 4. Let y(k) = -k**3 - 4*k**2 - 3*k + 4. Let q be y(-3). Determine a(q).
-4
Let k(n) = 0*n**2 + 3*n**2 + 3 - n**3 - 2*n + 0 - 4. Suppose 5*w - 10 = -0. Give k(w).
-1
Let v(q) = -q**3 - 6*q**2 - 6. Let h be v(-6). Let a(k) = 7*k + k**2 + 25 - 12 - 13. Give a(h).
-6
Let i(a) be the second derivative of -a**3/6 + a**2 + 4*a + 4. Calculate i(3).
-1
Let s(c) be the third derivative of 0 - 1/120*c**6 - 1/2*c**3 + 1/12*c**4 - 3*c**2 + 0*c -